ded by 576?
49
What is the remainder when 1849582 is divided by 1298?
1230
What is the remainder when 22721374 is divided by 281?
276
Calculate the remainder when 118582 is divided by 39523.
13
What is the remainder when 35493769 is divided by 2248?
97
What is the remainder when 22243415 is divided by 1472?
23
Calculate the remainder when 59922089 is divided by 29961040.
9
Calculate the remainder when 9069 is divided by 345.
99
What is the remainder when 1239364 is divided by 78?
22
Calculate the remainder when 97984018 is divided by 1360889.
10
Calculate the remainder when 18707831 is divided by 6235936.
23
What is the remainder when 4539709 is divided by 819?
811
Calculate the remainder when 56078 is divided by 1281.
995
Calculate the remainder when 382866694 is divided by 72.
70
Calculate the remainder when 69045 is divided by 406.
25
What is the remainder when 382398 is divided by 14707?
16
Calculate the remainder when 97079658 is divided by 33.
27
What is the remainder when 884760036 is divided by 213?
210
What is the remainder when 327237699 is divided by 5357?
5354
Calculate the remainder when 26284270 is divided by 3754892.
26
What is the remainder when 790646 is divided by 157874?
1276
What is the remainder when 824154 is divided by 17533?
103
Calculate the remainder when 12598293 is divided by 1862.
1
Calculate the remainder when 22091485 is divided by 2125.
2110
Calculate the remainder when 1285631 is divided by 11890.
1511
Calculate the remainder when 59524262 is divided by 33.
17
What is the remainder when 218407 is divided by 2651?
1025
Calculate the remainder when 104857480 is divided by 343.
322
Calculate the remainder when 207917 is divided by 207840.
77
What is the remainder when 509613 is divided by 566?
213
Calculate the remainder when 68059 is divided by 691.
341
Calculate the remainder when 1099460 is divided by 2305.
2280
Calculate the remainder when 18451891 is divided by 1202.
1191
Calculate the remainder when 168485 is divided by 21055.
45
What is the remainder when 176213120 is divided by 18?
14
What is the remainder when 183642837 is divided by 148?
145
Calculate the remainder when 101732 is divided by 25433.
0
Calculate the remainder when 224125 is divided by 292.
161
What is the remainder when 37056 is divided by 206?
182
Calculate the remainder when 70743918 is divided by 100.
18
What is the remainder when 114483069 is divided by 457?
456
Calculate the remainder when 146982 is divided by 3191.
196
What is the remainder when 2078863 is divided by 49494?
115
What is the remainder when 9217342 is divided by 841?
823
What is the remainder when 15667249 is divided by 10?
9
Calculate the remainder when 13416192 is divided by 27.
0
What is the remainder when 356371121 is divided by 27?
11
Calculate the remainder when 519792 is divided by 2291.
2026
What is the remainder when 29239467 is divided by 5847888?
27
Calculate the remainder when 1252184 is divided by 5746.
5302
Calculate the remainder when 304513 is divided by 303.
301
Calculate the remainder when 16278606 is divided by 173.
171
What is the remainder when 1768392 is divided by 80?
72
Calculate the remainder when 13912449 is divided by 2465.
2454
What is the remainder when 87365 is divided by 28509?
1838
Calculate the remainder when 1170014 is divided by 946.
758
Calculate the remainder when 150840 is divided by 16753.
63
Calculate the remainder when 2392418 is divided by 47848.
18
Calculate the remainder when 193813 is divided by 9228.
25
Calculate the remainder when 926810 is divided by 4232.
2
Calculate the remainder when 257302 is divided by 2881.
893
What is the remainder when 2175735 is divided by 1087721?
293
Calculate the remainder when 5810302 is divided by 3001.
366
What is the remainder when 2842635 is divided by 947532?
39
What is the remainder when 12281618 is divided by 12?
2
Calculate the remainder when 156558 is divided by 3800.
758
What is the remainder when 792817 is divided by 4955?
17
What is the remainder when 68311 is divided by 33413?
1485
Calculate the remainder when 2256943 is divided by 2256934.
9
Calculate the remainder when 389665 is divided by 2633.
2614
Calculate the remainder when 73742219 is divided by 23.
10
What is the remainder when 9309741 is divided by 3142?
3137
Calculate the remainder when 65269006 is divided by 29.
11
Calculate the remainder when 2526984 is divided by 303.
267
What is the remainder when 440391 is divided by 419?
22
Calculate the remainder when 133065 is divided by 66045.
975
What is the remainder when 25025878 is divided by 771?
760
Calculate the remainder when 42634 is divided by 4128.
1354
What is the remainder when 5093690 is divided by 33733?
7
Calculate the remainder when 3082540 is divided by 466.
416
What is the remainder when 3907114 is divided by 3174?
3094
What is the remainder when 1172494 is divided by 195415?
4
What is the remainder when 4305008 is divided by 911?
533
What is the remainder when 31499950 is divided by 1502?
6
Calculate the remainder when 571349256 is divided by 13.
10
What is the remainder when 6175317 is divided by 60?
57
What is the remainder when 40387999 is divided by 460?
459
Calculate the remainder when 39154340 is divided by 3915432.
20
What is the remainder when 10472953 is divided by 1438?
1437
Calculate the remainder when 129129 is divided by 5161.
104
Calculate the remainder when 61906 is divided by 27045.
7816
Calculate the remainder when 11505714 is divided by 721.
717
Calculate the remainder when 37416574 is divided by 4920.
4894
Calculate the remainder when 2660237343 is divided by 78.
75
Calculate the remainder when 67180 is divided by 33358.
464
Calculate the remainder when 4673672 is divided by 3689.
3398
What is the remainder when 945863 is divided by 696?
695
What is the remainder when 1179030 is divided by 152?
118
Calculate the remainder when 97209 is divided by 1245.
99
Calculate the remainder when 105188 is divided by 42.
20
What is the remainder when 2302022 is divided by 194?
18
Calculate the remainder when 85258977 is divided by 3341.
3339
What is the remainder when 2416328 is divided by 257?
14
What is the remainder when 1710594 is divided by 244344?
186
Calculate the remainder when 22184308 is divided by 44.
36
What is the remainder when 145499 is divided by 657?
302
What is the remainder when 1544126 is divided by 49808?
78
What is the remainder when 400941 is divided by 6785?
626
Calculate the remainder when 171020 is divided by 178.
140
What is the remainder when 62803886 is divided by 765901?
4
Calculate the remainder when 898333718 is divided by 13.
9
Calculate the remainder when 285965 is divided by 1342.
119
Calculate the remainder when 43564332 is divided by 713.
32
Calculate the remainder when 68220549 is divided by 34110273.
3
What is the remainder when 1168456 is divided by 1140?
1096
What is the remainder when 2034350 is divided by 178?
166
What is the remainder when 22439 is divided by 21876?
563
Calculate the remainder when 101348866 is divided by 4.
2
Calculate the remainder when 588261 is divided by 1540.
1521
Calculate the remainder when 779597 is divided by 1278.
17
Calculate the remainder when 2252608 is divided by 460.
448
Calculate the remainder when 5289697 is divided by 584.
409
Calculate the remainder when 34443 is divided by 902.
167
What is the remainder when 841496 is divided by 14019?
356
What is the remainder when 1655474 is divided by 75248?
18
What is the remainder when 1833180 is divided by 1679?
1391
What is the remainder when 573641772 is divided by 114728354?
2
What is the remainder when 249509 is divided by 1730?
389
What is the remainder when 4573584 is divided by 87?
81
Calculate the remainder when 3587204 is divided by 834.
170
What is the remainder when 217813727 is divided by 48?
47
Calculate the remainder when 97928490 is divided by 74.
72
What is the remainder when 183942 is divided by 90541?
2860
What is the remainder when 399458 is divided by 21022?
40
Calculate the remainder when 6805130 is divided by 1347.
86
Calculate the remainder when 2708859 is divided by 5054.
4969
What is the remainder when 88118 is divided by 8810?
18
Calculate the remainder when 186565 is divided by 186506.
59
Calculate the